c09 (base 13) to base 8.
46235
31244112 (base 7) to base 10
2632926
What is 110110000100001101 (base 2) in base 13?
79a4b
Convert 100100000100101110 (base 2) to base 12.
71612
-603922 (base 10) to base 6
-20535534
53477 (base 11) to base 9
127606
Convert -4e163 (base 15) to base 12.
-100870
Convert -3a7c4d (base 14) to base 13.
-55913a
Convert 708457 (base 16) to base 6.
422014251
What is 65406c (base 14) in base 9?
6407177
-20000100110121 (base 3) to base 12
-10a1337
Convert 584721 (base 10) to base 8.
2166021
14030121 (base 7) to base 12
529166
Convert 12d50 (base 16) to base 2.
10010110101010000
Convert -b6537 (base 13) to base 7.
-2534660
-4870833 (base 9) to base 3
-11222100221010
What is -1053967 (base 11) in base 2?
-111000011101001000001
-168344 (base 12) to base 9
-650557
347d8b (base 14) to base 3
10100220001211
15387287 (base 9) to base 16
751d11
What is -1100110000011111111100 (base 2) in base 12?
-11534a4
Convert 11a3b7 (base 12) to base 4.
1012022323
Convert 101010110000110010110010 (base 2) to base 4.
222300302302
Convert 2203314 (base 5) to base 2.
1001010001000111
Convert -21031 (base 16) to base 4.
-201000301
44d1c (base 14) to base 11
1046a3
Convert -8026881 (base 10) to base 16.
-7a7b01
Convert -31021455 (base 6) to base 14.
-192203
What is -133645 (base 9) in base 12?
-3b172
110211120020 (base 3) to base 7
2101401
-25421 (base 13) to base 3
-10111101112
What is 2dca8 (base 14) in base 10?
115004
-201010012222 (base 3) to base 15
-76785
Convert -117360 (base 8) to base 15.
-c0c8
What is -c169c (base 14) in base 8?
-1614232
Convert 311033313 (base 4) to base 2.
110101001111110111
Convert 10000011000100100 (base 2) to base 12.
32a04
Convert 1005275 (base 14) to base 3.
112012021002012
Convert 72437 (base 10) to base 2.
10001101011110101
What is 102002330 (base 4) in base 6?
1330112
What is 21222122001 (base 3) in base 12?
76b77
Convert -17365205 (base 9) to base 12.
-2b08305
What is 374034 (base 8) in base 15?
28387
What is 76a960 (base 11) in base 9?
2273707
What is -10000101001001111101001 (base 2) in base 16?
-4293e9
Convert 1751243 (base 8) to base 5.
112401200
-4518c (base 14) to base 13
-5b444
Convert 1072736 (base 8) to base 14.
7875c
What is -713800 (base 9) in base 10?
-422739
Convert -33986 (base 15) to base 9.
-270150
What is -33445215 (base 6) in base 9?
-1820332
Convert -3a4724 (base 11) to base 12.
-267b00
What is -3375136 (base 8) in base 7?
-10533510
-3fb48e (base 16) to base 7
-50325661
-101100111000010001 (base 2) to base 12
-8a469
-2e9b7 (base 16) to base 8
-564667
-328547 (base 11) to base 9
-877382
2b1467 (base 12) to base 15
e5b2d
203102101 (base 4) to base 8
432221
-572b7 (base 13) to base 2
-100110101111010000
-560710 (base 8) to base 15
-3ae67
What is -25763411 (base 8) in base 14?
-a9d5a1
Convert -3311221003 (base 4) to base 9.
-1803151
-6a42 (base 16) to base 15
-80d7
Convert -1011101001111101101 (base 2) to base 12.
-165039
What is 11302220132 (base 4) in base 2?
101110010101000011110
Convert -54577 (base 11) to base 10.
-79218
Convert -30430343 (base 5) to base 10.
-248848
What is 351301052 (base 6) in base 3?
110020200100012
Convert -2341a1 (base 13) to base 12.
-3446b9
15676162 (base 9) to base 3
112202120012002
What is -102212211211222 (base 3) in base 13?
-1401620
What is 324370 (base 8) in base 3?
12112020100
-11425566 (base 7) to base 2
-11110111110110111110
Convert 11042000 (base 6) to base 11.
207658
What is 42308 (base 9) in base 10?
27953
3a0b12 (base 16) to base 13
a32555
What is 17e823 (base 16) in base 4?
11332200203
Convert -12c1194 (base 13) to base 11.
-337a812
What is -1121636 (base 7) in base 10?
-139922
194220 (base 10) to base 7
1436145
Convert -32021212330 (base 4) to base 10.
-3709372
-4122454 (base 6) to base 15
-3d837
-21224033 (base 5) to base 9
-303681
Convert -2022100001200 (base 3) to base 4.
-10223203020
What is -115213331 (base 6) in base 8?
-10335227
Convert -17b609c (base 14) to base 13.
-257a8b7
-41c73 (base 13) to base 10
-118563
366327 (base 13) to base 3
2102222211220
Convert -10629 (base 14) to base 11.
-27857
Convert -438b1 (base 12) to base 14.
-24829
-33ab10 (base 12) to base 2
-11001010000010111100
What is -303506 (base 7) in base 3?
-2121220212
What is -eedde (base 16) in base 7?
-11213321
What is 230321 (base 4) in base 14?
1093
Convert -11010110000111001 (base 2) to base 9.
-176335
960305 (base 10) to base 7
11106503
Convert 575805 (base 10) to base 7.
4615506
-821a7 (base 11) to base 2
-11101010011011100
-25c37 (base 15) to base 7
-1012261
What is -101101000011111111 (base 2) in base 3?
-100101012010
-103211200 (base 4) to base 5
-10031344
-11aa3a (base 11) to base 10
-190255
17445014 (base 8) to base 9
7611634
-3d24 (base 16) to base 7
-63430
Convert -196b6 (base 12) to base 6.
-444350
Convert bd04 (base 16) to base 5.
3022023
-47664 (base 10) to base 13
-18906
306184 (base 13) to base 10
1127338
Convert -2424131 (base 5) to base 12.
-22431
Convert -578bb (base 14) to base 9.
-354180
What is -3bd0b3 (base 16) in base 6?
-220004215
Convert -10c7916 (base 13) to base 3.
-100202111111010
What is -376867 (base 9) in base 7?
-1640116
What is -31264 (base 10) in base 16?
-7a20
What is -17bc0d (base 14) in base 5?
-203324120
-17413 (base 11) to base 10
-24456
-318348 (base 16) to base 9
-6085113
-54250210 (base 6) to base 8
-6105336
Convert 12230200 (base 4) to base 16.
6b20
What is -4521310 (base 6) in base 8?
-676112
What is -1200210011221 (base 3) in base 16?
-dc039
What is 97931 (base 13) in base 10?
273989
Convert -2d4659 (base 15) to base 5.
-1030114214
323454140 (base 6) to base 7
100051065
176538 (base 9) to base 3
12120121022
1424111 (base 5) to base 2
111010011010010
What is -264754 (base 10) in base 11?
-170a06
Convert -691292 (base 10) to base 15.
-d9c62
2c85803 (base 13) to base 10
14349962
What is -d5058 (base 15) in base 11?
-421222
What is 143255 (base 6) in base 4?
3112103
Convert -6752213 (base 8) to base 3.
-10102122220020
11012121201 (base 3) to base 7
463324
Convert -1202220122121 (base 3) to base 7.
-11005324
Convert -14a8214 (base 12) to base 3.
-21220112011021
What is -5252642 (base 9) in base 13?
-77509a
Convert 1f0605 (base 16) to base 5.
1010030112
What is 27c65a (base 15) in base 4?
13103202310
Convert 1197c3 (base 13) to base 15.
84ae9
Convert -76123 (base 12) to base 16.
-2602b
Convert -8cc8a (base 13) to base 12.
-104882
What is -b76b8c (base 13) in base 15?
-59dd07
Convert 101312320110 (base 4) to base 6.
244200220
100011111011101001101 (base 2) to base 10
1177421
What is -206081 (base 9) in base 4?
-131322301
Convert -2340453 (base 6) to base 8.
-356221
bbb55 (base 15) to base 4
2101221023
What is 2205401 (base 7) in base 6?
5445452
6708a (base 12) to base 9
227357
What is -1042320230 (base 5) in base 15?
-308aca
Convert -24204653 (base 7) to base 12.
-879b48
Convert 5b224 (base 12) to base 4.
132001330
-aa747 (base 11) to base 13
-58153
What is -455051110 (base 6) in base 16?
-7f8912
What is 110111001010011011 (base 2) in base 3?
102110221102
e628e (base 16) to base 7
11004332
-2030003011 (base 4) to base 14
-10d0a1
20213130 (base 5) to base 2
100111111011010100
Convert -14973 (base 12) to base 8.
-70547
22203122030 (base 4) to base 12
b14b78
What is 21881 (base 14) in base 7?
455621
Convert 493751 (base 10) to base 5.
111300001
125482 (base 9) to base 10
76214
11044214 (base 5) to base 10
96809
Convert 127b4ba (base 13) to base 9.
11811271
-3b6233 (base 14) to base 7
-23310163
What is -1010000010111100 (base 2) in base 12?
-1b990
What is -b5d0cd (base 16) in base 2?
-101101011101000011001101
-265206513 (base 7) to base 4
-1001031211320
100001001010011001100 (base 2) to base 11
682480
What is -133661 (base 12) in base 3?
-121010001201
50987e (base 15) to base 5
1440013134
What is 8149395 (base 11) in base 2?
110110111100101111000101
Convert 311020202322 (base 4) to base 9.
28178440
11d469 (base 14) to base 13
185bc8
-2177687 (base 11) to base 3
-21011220122220
What is -d858 (base 14) in base 10?
-37318
What is -13133031200 (base 4) in base 5?
-1000302343
What is 15026 (base 16) in base 4?
111000212
Convert 22200101 (base 5) to base 13.
6a27b
Convert -1132b4 (base 14) to base 12.
-24267a
-1234192 (base 10) to base 14
-241